{"id":1072,"date":"2020-01-18T13:23:01","date_gmt":"2020-01-18T12:23:01","guid":{"rendered":"https:\/\/dicoaffairedreyfus.com\/?page_id=1072"},"modified":"2020-01-18T17:58:24","modified_gmt":"2020-01-18T16:58:24","slug":"mode-demploi","status":"publish","type":"page","link":"https:\/\/dicoaffairedreyfus.com\/index.php\/mode-demploi\/","title":{"rendered":"Mode d&#8217;emploi"},"content":{"rendered":"<p style=\"text-align: justify;\">Les notices sont donn\u00e9es dans l&rsquo;ordre alphab\u00e9tique des personnalit\u00e9s (partie en construction&nbsp;; viendront s&rsquo;ajouter \u00e0 la suite&nbsp;: les groupes, les journaux, les proc\u00e9dures, les p\u00e9titions et protestations, les lieux, les mots de l&rsquo;Affaire&#8230;<\/p>\n<p style=\"text-align: justify;\">On pourra retrouver tel nom, tel mot, tel lieu, tel concept, en passant par le <strong>moteur de recherche<\/strong> situ\u00e9 \u00e0 droite qui permet de retrouver la totalit\u00e9 des occurrences. Pour trouver directement une notice, on aura toutefois int\u00e9r\u00eat \u00e0 passer par le <strong>menu<\/strong> \u00ab&nbsp;Personnalit\u00e9s&nbsp;\u00bb pour les acteurs, \u00ab&nbsp;groupes&nbsp;\u00bb pour les partis et associations, etc., \u00ab&nbsp;journaux&nbsp;\u00bb pour les titres de presse, etc. Le menu de chaque rubrique (Personnalit\u00e9s, etc.) d\u00e9roule un alphabet qui permet de retrouver l&rsquo;ensemble des noms de la lettre interrog\u00e9e et d&rsquo;y avoir acc\u00e8s en cliquant sur le nom de l&rsquo;int\u00e9ress\u00e9. Enfin les <strong>cat\u00e9gories<\/strong>, \u00e0 droite du site, permettent de retrouver la totalit\u00e9 des acteurs \u00ab&nbsp;biograph\u00e9s&nbsp;\u00bb par profession, tendance politique, lieu de naissance ou d&rsquo;activit\u00e9, etc.<\/p>\n","protected":false},"excerpt":{"rendered":"<p>Les notices sont donn\u00e9es dans l&rsquo;ordre alphab\u00e9tique des personnalit\u00e9s (partie en construction&nbsp;; viendront s&rsquo;ajouter \u00e0 la suite&nbsp;: les groupes, les journaux, les proc\u00e9dures, les p\u00e9titions et protestations, les lieux, les mots de l&rsquo;Affaire&#8230; On pourra retrouver tel nom, tel mot, tel lieu, tel concept, en passant par le moteur de recherche situ\u00e9 \u00e0 droite qui [&hellip;]<\/p>\n","protected":false},"author":1,"featured_media":0,"parent":0,"menu_order":2,"comment_status":"closed","ping_status":"closed","template":"","meta":{"footnotes":""},"categories":[],"tags":[],"class_list":["post-1072","page","type-page","status-publish","hentry"],"yoast_head":"<!-- This site is optimized with the Yoast SEO plugin v21.1 - https:\/\/yoast.com\/wordpress\/plugins\/seo\/ -->\n<title>Mode d&#039;emploi - Dictionnaire de l&#039;affaire Dreyfus<\/title>\n<meta name=\"robots\" content=\"index, follow, max-snippet:-1, max-image-preview:large, max-video-preview:-1\" \/>\n<link rel=\"canonical\" href=\"https:\/\/dicoaffairedreyfus.com\/index.php\/mode-demploi\/\" \/>\n<meta property=\"og:locale\" content=\"fr_FR\" \/>\n<meta property=\"og:type\" content=\"article\" \/>\n<meta property=\"og:title\" content=\"Mode d&#039;emploi - Dictionnaire de l&#039;affaire Dreyfus\" \/>\n<meta property=\"og:description\" content=\"Les notices sont donn\u00e9es dans l&rsquo;ordre alphab\u00e9tique des personnalit\u00e9s (partie en construction&nbsp;; viendront s&rsquo;ajouter \u00e0 la suite&nbsp;: les groupes, les journaux, les proc\u00e9dures, les p\u00e9titions et protestations, les lieux, les mots de l&rsquo;Affaire&#8230; On pourra retrouver tel nom, tel mot, tel lieu, tel concept, en passant par le moteur de recherche situ\u00e9 \u00e0 droite qui [&hellip;]\" \/>\n<meta property=\"og:url\" content=\"https:\/\/dicoaffairedreyfus.com\/index.php\/mode-demploi\/\" \/>\n<meta property=\"og:site_name\" content=\"Dictionnaire de l&#039;affaire Dreyfus\" \/>\n<meta property=\"article:modified_time\" content=\"2020-01-18T16:58:24+00:00\" \/>\n<meta name=\"twitter:card\" content=\"summary_large_image\" \/>\n<meta name=\"twitter:label1\" content=\"Dur\u00e9e de lecture estim\u00e9e\" \/>\n\t<meta name=\"twitter:data1\" content=\"1 minute\" \/>\n<script type=\"application\/ld+json\" class=\"yoast-schema-graph\">{\"@context\":\"https:\/\/schema.org\",\"@graph\":[{\"@type\":\"WebPage\",\"@id\":\"https:\/\/dicoaffairedreyfus.com\/index.php\/mode-demploi\/\",\"url\":\"https:\/\/dicoaffairedreyfus.com\/index.php\/mode-demploi\/\",\"name\":\"Mode d'emploi - Dictionnaire de l&#039;affaire Dreyfus\",\"isPartOf\":{\"@id\":\"https:\/\/dicoaffairedreyfus.com\/#website\"},\"datePublished\":\"2020-01-18T12:23:01+00:00\",\"dateModified\":\"2020-01-18T16:58:24+00:00\",\"breadcrumb\":{\"@id\":\"https:\/\/dicoaffairedreyfus.com\/index.php\/mode-demploi\/#breadcrumb\"},\"inLanguage\":\"fr-FR\",\"potentialAction\":[{\"@type\":\"ReadAction\",\"target\":[\"https:\/\/dicoaffairedreyfus.com\/index.php\/mode-demploi\/\"]}]},{\"@type\":\"BreadcrumbList\",\"@id\":\"https:\/\/dicoaffairedreyfus.com\/index.php\/mode-demploi\/#breadcrumb\",\"itemListElement\":[{\"@type\":\"ListItem\",\"position\":1,\"name\":\"Accueil\",\"item\":\"https:\/\/dicoaffairedreyfus.com\/\"},{\"@type\":\"ListItem\",\"position\":2,\"name\":\"Mode d&#8217;emploi\"}]},{\"@type\":\"WebSite\",\"@id\":\"https:\/\/dicoaffairedreyfus.com\/#website\",\"url\":\"https:\/\/dicoaffairedreyfus.com\/\",\"name\":\"Dictionnaire de l&#039;affaire Dreyfus\",\"description\":\"Tout sur l&#039;affaire Dreyfus\",\"publisher\":{\"@id\":\"https:\/\/dicoaffairedreyfus.com\/#\/schema\/person\/eb6314936862b5f00f876026520b19ef\"},\"potentialAction\":[{\"@type\":\"SearchAction\",\"target\":{\"@type\":\"EntryPoint\",\"urlTemplate\":\"https:\/\/dicoaffairedreyfus.com\/?s={search_term_string}\"},\"query-input\":\"required name=search_term_string\"}],\"inLanguage\":\"fr-FR\"},{\"@type\":[\"Person\",\"Organization\"],\"@id\":\"https:\/\/dicoaffairedreyfus.com\/#\/schema\/person\/eb6314936862b5f00f876026520b19ef\",\"name\":\"ph.oriol\",\"image\":{\"@type\":\"ImageObject\",\"inLanguage\":\"fr-FR\",\"@id\":\"https:\/\/dicoaffairedreyfus.com\/#\/schema\/person\/image\/\",\"url\":\"https:\/\/secure.gravatar.com\/avatar\/90cd184f47237a6b9abd891ba824fbed?s=96&d=mm&r=g\",\"contentUrl\":\"https:\/\/secure.gravatar.com\/avatar\/90cd184f47237a6b9abd891ba824fbed?s=96&d=mm&r=g\",\"caption\":\"ph.oriol\"},\"logo\":{\"@id\":\"https:\/\/dicoaffairedreyfus.com\/#\/schema\/person\/image\/\"},\"sameAs\":[\"http:\/\/affaire-dreyfus.com\/\"]}]}<\/script>\n<!-- \/ Yoast SEO plugin. -->","yoast_head_json":{"title":"Mode d'emploi - Dictionnaire de l&#039;affaire Dreyfus","robots":{"index":"index","follow":"follow","max-snippet":"max-snippet:-1","max-image-preview":"max-image-preview:large","max-video-preview":"max-video-preview:-1"},"canonical":"https:\/\/dicoaffairedreyfus.com\/index.php\/mode-demploi\/","og_locale":"fr_FR","og_type":"article","og_title":"Mode d'emploi - Dictionnaire de l&#039;affaire Dreyfus","og_description":"Les notices sont donn\u00e9es dans l&rsquo;ordre alphab\u00e9tique des personnalit\u00e9s (partie en construction&nbsp;; viendront s&rsquo;ajouter \u00e0 la suite&nbsp;: les groupes, les journaux, les proc\u00e9dures, les p\u00e9titions et protestations, les lieux, les mots de l&rsquo;Affaire&#8230; On pourra retrouver tel nom, tel mot, tel lieu, tel concept, en passant par le moteur de recherche situ\u00e9 \u00e0 droite qui [&hellip;]","og_url":"https:\/\/dicoaffairedreyfus.com\/index.php\/mode-demploi\/","og_site_name":"Dictionnaire de l&#039;affaire Dreyfus","article_modified_time":"2020-01-18T16:58:24+00:00","twitter_card":"summary_large_image","twitter_misc":{"Dur\u00e9e de lecture estim\u00e9e":"1 minute"},"schema":{"@context":"https:\/\/schema.org","@graph":[{"@type":"WebPage","@id":"https:\/\/dicoaffairedreyfus.com\/index.php\/mode-demploi\/","url":"https:\/\/dicoaffairedreyfus.com\/index.php\/mode-demploi\/","name":"Mode d'emploi - Dictionnaire de l&#039;affaire Dreyfus","isPartOf":{"@id":"https:\/\/dicoaffairedreyfus.com\/#website"},"datePublished":"2020-01-18T12:23:01+00:00","dateModified":"2020-01-18T16:58:24+00:00","breadcrumb":{"@id":"https:\/\/dicoaffairedreyfus.com\/index.php\/mode-demploi\/#breadcrumb"},"inLanguage":"fr-FR","potentialAction":[{"@type":"ReadAction","target":["https:\/\/dicoaffairedreyfus.com\/index.php\/mode-demploi\/"]}]},{"@type":"BreadcrumbList","@id":"https:\/\/dicoaffairedreyfus.com\/index.php\/mode-demploi\/#breadcrumb","itemListElement":[{"@type":"ListItem","position":1,"name":"Accueil","item":"https:\/\/dicoaffairedreyfus.com\/"},{"@type":"ListItem","position":2,"name":"Mode d&#8217;emploi"}]},{"@type":"WebSite","@id":"https:\/\/dicoaffairedreyfus.com\/#website","url":"https:\/\/dicoaffairedreyfus.com\/","name":"Dictionnaire de l&#039;affaire Dreyfus","description":"Tout sur l&#039;affaire Dreyfus","publisher":{"@id":"https:\/\/dicoaffairedreyfus.com\/#\/schema\/person\/eb6314936862b5f00f876026520b19ef"},"potentialAction":[{"@type":"SearchAction","target":{"@type":"EntryPoint","urlTemplate":"https:\/\/dicoaffairedreyfus.com\/?s={search_term_string}"},"query-input":"required name=search_term_string"}],"inLanguage":"fr-FR"},{"@type":["Person","Organization"],"@id":"https:\/\/dicoaffairedreyfus.com\/#\/schema\/person\/eb6314936862b5f00f876026520b19ef","name":"ph.oriol","image":{"@type":"ImageObject","inLanguage":"fr-FR","@id":"https:\/\/dicoaffairedreyfus.com\/#\/schema\/person\/image\/","url":"https:\/\/secure.gravatar.com\/avatar\/90cd184f47237a6b9abd891ba824fbed?s=96&d=mm&r=g","contentUrl":"https:\/\/secure.gravatar.com\/avatar\/90cd184f47237a6b9abd891ba824fbed?s=96&d=mm&r=g","caption":"ph.oriol"},"logo":{"@id":"https:\/\/dicoaffairedreyfus.com\/#\/schema\/person\/image\/"},"sameAs":["http:\/\/affaire-dreyfus.com\/"]}]}},"_links":{"self":[{"href":"https:\/\/dicoaffairedreyfus.com\/index.php\/wp-json\/wp\/v2\/pages\/1072","targetHints":{"allow":["GET"]}}],"collection":[{"href":"https:\/\/dicoaffairedreyfus.com\/index.php\/wp-json\/wp\/v2\/pages"}],"about":[{"href":"https:\/\/dicoaffairedreyfus.com\/index.php\/wp-json\/wp\/v2\/types\/page"}],"author":[{"embeddable":true,"href":"https:\/\/dicoaffairedreyfus.com\/index.php\/wp-json\/wp\/v2\/users\/1"}],"replies":[{"embeddable":true,"href":"https:\/\/dicoaffairedreyfus.com\/index.php\/wp-json\/wp\/v2\/comments?post=1072"}],"version-history":[{"count":4,"href":"https:\/\/dicoaffairedreyfus.com\/index.php\/wp-json\/wp\/v2\/pages\/1072\/revisions"}],"predecessor-version":[{"id":1081,"href":"https:\/\/dicoaffairedreyfus.com\/index.php\/wp-json\/wp\/v2\/pages\/1072\/revisions\/1081"}],"wp:attachment":[{"href":"https:\/\/dicoaffairedreyfus.com\/index.php\/wp-json\/wp\/v2\/media?parent=1072"}],"wp:term":[{"taxonomy":"category","embeddable":true,"href":"https:\/\/dicoaffairedreyfus.com\/index.php\/wp-json\/wp\/v2\/categories?post=1072"},{"taxonomy":"post_tag","embeddable":true,"href":"https:\/\/dicoaffairedreyfus.com\/index.php\/wp-json\/wp\/v2\/tags?post=1072"}],"curies":[{"name":"wp","href":"https:\/\/api.w.org\/{rel}","templated":true}]}}

<p style="text-align: justify;">Les notices sont données dans l&rsquo;ordre alphabétique des personnalités (partie en construction&nbsp;; viendront s&rsquo;ajouter à la suite&nbsp;: les groupes, les journaux, les procédures, les pétitions et protestations, les lieux, les mots de l&rsquo;Affaire&#8230;</p>
<p style="text-align: justify;">On pourra retrouver tel nom, tel mot, tel lieu, tel concept, en passant par le <strong>moteur de recherche</strong> situé à droite qui permet de retrouver la totalité des occurrences. Pour trouver directement une notice, on aura toutefois intérêt à passer par le <strong>menu</strong> «&nbsp;Personnalités&nbsp;» pour les acteurs, «&nbsp;groupes&nbsp;» pour les partis et associations, etc., «&nbsp;journaux&nbsp;» pour les titres de presse, etc. Le menu de chaque rubrique (Personnalités, etc.) déroule un alphabet qui permet de retrouver l&rsquo;ensemble des noms de la lettre interrogée et d&rsquo;y avoir accès en cliquant sur le nom de l&rsquo;intéressé. Enfin les <strong>catégories</strong>, à droite du site, permettent de retrouver la totalité des acteurs «&nbsp;biographés&nbsp;» par profession, tendance politique, lieu de naissance ou d&rsquo;activité, etc.</p>

<p>Les notices sont données dans l&rsquo;ordre alphabétique des personnalités (partie en construction&nbsp;; viendront s&rsquo;ajouter à la suite&nbsp;: les groupes, les journaux, les procédures, les pétitions et protestations, les lieux, les mots de l&rsquo;Affaire&#8230; On pourra retrouver tel nom, tel mot, tel lieu, tel concept, en passant par le moteur de recherche situé à droite qui [&hellip;]</p>

<!-- This site is optimized with the Yoast SEO plugin v21.1 - https://yoast.com/wordpress/plugins/seo/ -->
<title>Mode d&#039;emploi - Dictionnaire de l&#039;affaire Dreyfus</title>
<meta name="robots" content="index, follow, max-snippet:-1, max-image-preview:large, max-video-preview:-1" />
<link rel="canonical" href="https://dicoaffairedreyfus.com/index.php/mode-demploi/" />
<meta property="og:locale" content="fr_FR" />
<meta property="og:type" content="article" />
<meta property="og:title" content="Mode d&#039;emploi - Dictionnaire de l&#039;affaire Dreyfus" />
<meta property="og:description" content="Les notices sont données dans l&rsquo;ordre alphabétique des personnalités (partie en construction&nbsp;; viendront s&rsquo;ajouter à la suite&nbsp;: les groupes, les journaux, les procédures, les pétitions et protestations, les lieux, les mots de l&rsquo;Affaire&#8230; On pourra retrouver tel nom, tel mot, tel lieu, tel concept, en passant par le moteur de recherche situé à droite qui [&hellip;]" />
<meta property="og:url" content="https://dicoaffairedreyfus.com/index.php/mode-demploi/" />
<meta property="og:site_name" content="Dictionnaire de l&#039;affaire Dreyfus" />
<meta property="article:modified_time" content="2020-01-18T16:58:24+00:00" />
<meta name="twitter:card" content="summary_large_image" />
<meta name="twitter:label1" content="Durée de lecture estimée" />
	<meta name="twitter:data1" content="1 minute" />
<script type="application/ld+json" class="yoast-schema-graph">{"@context":"https://schema.org","@graph":[{"@type":"WebPage","@id":"https://dicoaffairedreyfus.com/index.php/mode-demploi/","url":"https://dicoaffairedreyfus.com/index.php/mode-demploi/","name":"Mode d'emploi - Dictionnaire de l&#039;affaire Dreyfus","isPartOf":{"@id":"https://dicoaffairedreyfus.com/#website"},"datePublished":"2020-01-18T12:23:01+00:00","dateModified":"2020-01-18T16:58:24+00:00","breadcrumb":{"@id":"https://dicoaffairedreyfus.com/index.php/mode-demploi/#breadcrumb"},"inLanguage":"fr-FR","potentialAction":[{"@type":"ReadAction","target":["https://dicoaffairedreyfus.com/index.php/mode-demploi/"]}]},{"@type":"BreadcrumbList","@id":"https://dicoaffairedreyfus.com/index.php/mode-demploi/#breadcrumb","itemListElement":[{"@type":"ListItem","position":1,"name":"Accueil","item":"https://dicoaffairedreyfus.com/"},{"@type":"ListItem","position":2,"name":"Mode d&#8217;emploi"}]},{"@type":"WebSite","@id":"https://dicoaffairedreyfus.com/#website","url":"https://dicoaffairedreyfus.com/","name":"Dictionnaire de l&#039;affaire Dreyfus","description":"Tout sur l&#039;affaire Dreyfus","publisher":{"@id":"https://dicoaffairedreyfus.com/#/schema/person/eb6314936862b5f00f876026520b19ef"},"potentialAction":[{"@type":"SearchAction","target":{"@type":"EntryPoint","urlTemplate":"https://dicoaffairedreyfus.com/?s={search_term_string}"},"query-input":"required name=search_term_string"}],"inLanguage":"fr-FR"},{"@type":["Person","Organization"],"@id":"https://dicoaffairedreyfus.com/#/schema/person/eb6314936862b5f00f876026520b19ef","name":"ph.oriol","image":{"@type":"ImageObject","inLanguage":"fr-FR","@id":"https://dicoaffairedreyfus.com/#/schema/person/image/","url":"https://secure.gravatar.com/avatar/90cd184f47237a6b9abd891ba824fbed?s=96&d=mm&r=g","contentUrl":"https://secure.gravatar.com/avatar/90cd184f47237a6b9abd891ba824fbed?s=96&d=mm&r=g","caption":"ph.oriol"},"logo":{"@id":"https://dicoaffairedreyfus.com/#/schema/person/image/"},"sameAs":["http://affaire-dreyfus.com/"]}]}</script>
<!-- / Yoast SEO plugin. -->

Les notices sont données dans l&rsquo;ordre alphabétique des personnalités (partie en construction&nbsp;; viendront s&rsquo;ajouter à la suite&nbsp;: les groupes, les journaux, les procédures, les pétitions et protestations, les lieux, les mots de l&rsquo;Affaire&#8230; On pourra retrouver tel nom, tel mot, tel lieu, tel concept, en passant par le moteur de recherche situé à droite qui [&hellip;]
